 units digit of l?
3
Suppose 5*i = -34*i + 35490. What is the hundreds digit of i?
9
Suppose -5*d = 4*s - 705, 350 = 2*s - 6*d + 8*d. Let w be 116 + (1*-1)/(-1). Let l = s - w. What is the units digit of l?
3
Suppose 29*x - 25*x = 528. Let y = 222 - x. What is the tens digit of y?
9
Let v(t) = 6*t**2 - 15*t + 3. Let s be (9/12)/((-1)/(-8)). What is the units digit of v(s)?
9
Let p be (-3)/(-3)*(-1 - -1). Let y be p/((-3 - -6) + -2). What is the units digit of 0 + (y - -2) - 1?
1
Let r = 41 - 33. Suppose 275 = r*k - 3*k. What is the tens digit of k?
5
Suppose -10 = -12*f + 7*f. Let p(c) = 16*c + 4. Let s be p(f). Let r = s - 25. What is the units digit of r?
1
Let o(y) = 2*y**3 - 7*y + 9 + 22*y**2 - 13*y**2 - 13*y**2. What is the tens digit of o(4)?
4
Let m = 511 + -57. What is the units digit of m?
4
What is the hundreds digit of ((-1320)/308)/((-2)/1442)?
0
Suppose a + 0*f = 2*f + 156, 2*a - 309 = 5*f. Suppose 5*z - 27 = -a. What is the units digit of (z/18)/((-3)/20)?
0
Suppose 20*t + 42 = 17*t. Let v be 4/(-7) + (-50)/t. Suppose -v*i = i - 56. What is the tens digit of i?
1
Let n(m) = 6*m - 21. What is the tens digit of n(12)?
5
Suppose 3*t + 30 = 3*d, -3*t - 2*d - 10 = -d. Let a be (-2)/t - (-48)/(-20). What is the units digit of 22 + (1 - 0) - a?
5
Let r(d) = -17 + 2 - 2 - 11*d. What is the tens digit of r(-8)?
7
Suppose -5*b - 3*x + 2 = 9, 3*b - 23 = 5*x. Let t = b - 1. Suppose -5*u + 139 = -2*k, 3*u + t*k = -2*k + 77. What is the units digit of u?
7
Let q be (-3 + -2 - -3) + 2. Suppose 3*n = -5*z - 15, -z + 5*n - 19 - 12 = q. What is the tens digit of (-4)/12 + (-62)/z?
1
Suppose 3*a - 5015 = -5*z, 12*z + 1003 = 13*z - 2*a. What is the tens digit of z?
0
Suppose 5*f - 10 = 0, a - 2*f - 25 = -4*f. Let q = 23 - a. Suppose 0 = -q*u - u + 123. What is the tens digit of u?
4
Let z(s) = 26*s**3 + 2*s**2 - 41. What is the hundreds digit of z(5)?
2
Suppose 4*i = -3*y + 9*i + 3941, -2*y - 5*i = -2669. What is the tens digit of y?
2
Let c(l) = -l**3 + 10*l**2 - 1. Let s be c(10). What is the units digit of ((-18)/(-8))/(s/(-28))?
3
Let w be (105/(-6))/((11/18)/(-11)). Let k = -203 + w. What is the hundreds digit of k?
1
Suppose r + 4*d = 49 - 7, 2*d + 54 = 2*r. Let n = -36 - -82. Suppose c - r = -v, 5*v + n = 5*c - 3*c. What is the units digit of c?
8
Let s(i) = 94*i**3 + 5*i**2 - 8*i + 2. What is the hundreds digit of s(2)?
7
Let q(w) = 16*w + 8. Suppose -5 - 11 = 2*z. Let g(t) = 5*t + 3. Let v(x) = z*g(x) + 3*q(x). What is the tens digit of v(2)?
1
Suppose 2 = -6*x + 56. What is the tens digit of (-16 + x)*(-1)/(-2)*-82?
8
Let b(h) = -h**3 + 14*h**2 + 6*h + 22. Let l be ((-26)/4)/((-3)/6). What is the hundreds digit of b(l)?
2
Let l = -61 + 1272. What is the thousands digit of l?
1
Let v(x) = x**3 + 13*x**2 - 10*x + 7. What is the tens digit of v(-6)?
1
Let p = 3594 + -1865. What is the tens digit of p?
2
Suppose -3*x - 5*m = -292, -x + 5*m + 104 = -0*x. Let h = 153 - x. What is the tens digit of h?
5
Suppose 15 - 6 = -3*v, c = 2*v - 110. What is the units digit of 36/(-24)*c/6?
9
What is the units digit of ((-5)/((-15)/132))/(2/17)?
4
Let c = -403 + 1010. What is the tens digit of c?
0
Suppose -5*u - 2*l + 21 + 4 = 0, 2*l = 0. Suppose -34 = -u*r + 3*r. Let p = r + -14. What is the units digit of p?
3
Suppose 1540 = -7*f + 5215. What is the hundreds digit of f?
5
Suppose 4*n - 9 = 3. Let i(a) = 26*a + 1. Let g be i(n). Suppose -5*h + 1 + g = 0. What is the tens digit of h?
1
Let x be (-606)/66 + 4/22. What is the tens digit of x*-6*(-3)/(-3)?
5
Let g be (-4 - (-27)/6)*-88. Let b be (-94)/6*(g + 11). What is the units digit of b/22*1*2?
7
Suppose 4*o + 174 = 3*d + o, 0 = -5*d + 2*o + 287. Let w = d + 23. What is the units digit of w?
0
Let m(z) = -2*z**2 - 3*z + 2. Let i be m(2). What is the units digit of 20/8*i/(-5)?
6
Let c = -32 + 30. Let s(q) = -14*q**3 - 2*q**2 - 3*q - 3. What is the units digit of s(c)?
7
Let j be 1 - (-7)/((-7)/(-2)). Suppose 5*b - 15 = -s - 1, -j*s = -5*b - 22. Suppose -2*x = s - 93. What is the units digit of x?
2
Let t(m) = -m**3 + 17*m**2 - 20*m + 62. What is the tens digit of t(15)?
1
Let q(f) = 36*f - 29. Let w(z) = 18*z - 14. Let c(d) = 3*q(d) - 5*w(d). What is the units digit of c(4)?
5
Let h(j) = -16*j**2 + 179*j + 4. What is the tens digit of h(10)?
9
Let l be -10*((-2)/4 - 0). Suppose -2 + 7 = 4*y + 5*i, l*y = i - 1. Let r(v) = -v**3 - v**2 - v + 2. What is the units digit of r(y)?
2
Let i(p) = 15*p**2 - 13*p - 26. What is the units digit of i(-9)?
6
Let t(p) be the third derivative of -p**4/3 - p**3/3 - 13*p**2. What is the tens digit of t(-5)?
3
Let t(v) = v**3 - v**2 - 1. Let q be t(2). Suppose -4 = q*k + k. What is the units digit of (5 - k)*14/3?
8
Let k be (26/(-4))/(7/(-14)). Suppose 9 - k = 2*t. What is the units digit of (3 + 8/t)*-1?
1
Suppose -3*i = -0*i - 3. What is the hundreds digit of (-26754)/(-140) - i/10?
1
Let o(u) = -u - 5. Let j be o(-12). Suppose -1631 = -0*n - j*n. What is the tens digit of n?
3
Let r(c) = -c**2 + 8*c + 7. Let a(t) = -9*t + 4. Let s be a(-4). Suppose s = 4*h + 16. What is the tens digit of r(h)?
1
Let x be 2/(-8) - 916/(-16). Suppose -5*h = v - x, 2*v - 139 = h - 25. Suppose -2*y + v + 19 = 0. What is the tens digit of y?
3
Suppose -4 = 4*z - 12. Suppose 5*x - 455 = z*f, -5*x = -3*f - 261 - 194. What is the units digit of x?
1
Let y = 1200 + -740. What is the tens digit of y?
6
Suppose 0 = 2*a + 3*a + 275. Let y = a - -98. What is the units digit of y?
3
Suppose 0 = 3*n + 334 - 4039. What is the thousands digit of n?
1
Suppose -137 = 5*h - 1442. What is the hundreds digit of h?
2
Suppose -2*v - 4*v = -18. Suppose 5*z = v*j + 318, -2*z - 122 = -4*z - 4*j. What is the tens digit of z?
6
Let c(k) = 7*k**2 - k**3 - 10*k + 8*k**2 + 2 - 2*k**2. Let b be c(12). What is the units digit of b - (-5 - 1)/(-3)?
4
Suppose 5*d = -6*v + 2*v + 33, 4*v = 3*d - 39. Let x be -9*1/(d/(-96)). Let c = -46 + x. What is the units digit of c?
0
Let v = 83 + 33. Let u = v + -48. What is the tens digit of u?
6
Suppose 3*i - 222 = 2*o, o + 76 = 2*i - 72. Let a = -26 + i. What is the units digit of a?
8
Suppose 9615 = 9*n - 5118. What is the units digit of n?
7
What is the units digit of 35/(245/5604) + (-6)/(-14)?
1
Suppose 0 = -3*v - 4*a + 5542, 130*v + 2*a + 3704 = 132*v. What is the thousands digit of v?
1
Let h(k) be the second derivative of -k**4/12 - k**3 + 7*k**2/2 + 2*k + 114. Let g(b) = -3*b + 6. Let a be g(4). What is the units digit of h(a)?
7
Suppose -l + 5 = 3*i, i + 4*i - 4*l = -20. Suppose 5*j - 391 - 124 = i. What is the tens digit of j?
0
Suppose 76 = 5*d - 39. Suppose -5*n + d = -267. What is the units digit of n?
8
Suppose -4*m + 961 = -2255. Suppose 0 = -d - 3*d + m. Let o = d + -143. What is the tens digit of o?
5
What is the units digit of (-275)/(-77) + -3 - (-577)/7?
3
What is the thousands digit of 4/(132/134115) - (-11)/(-121)?
4
Let t(v) = -v**2 + 17*v - 25. Let x be t(12). Let m = x - -27. Let z = 101 - m. What is the units digit of z?
9
Let o = 223 + -193. What is the tens digit of o?
3
Let m(b) be the first derivative of b**4/12 - b**3/2 + 11*b**2/2 - 4. Let g(i) be the second derivative of m(i). What is the units digit of g(3)?
3
Let r = 3 - 0. Let c(i) = -2 + r + 2*i**2 - i - 2. What is the tens digit of c(-3)?
2
Let t(q) be the first derivative of -q**4/4 + 8*q**3/3 - 2*q**2 - 7*q + 3. What is the tens digit of t(7)?
1
Suppose -q - 2*f + 1440 = 0, -2*f + 396 = -2*q + 3264. What is the hundreds digit of q?
4
Let o be ((-4)/10)/(5/100). Let g = o + 13. Suppose 0 = -j + g*j - 92. What is the tens digit of j?
2
Let f = 1513 - 565. What is the units digit of f?
8
Let j = -278 + 663. What is the units digit of j?
5
Let n = 80 + -44. Suppose n*k - 498 = 34*k. What is the tens digit of k?
4
Suppose 5*c + 5 - 15 = 0. Let h(v) = 2*v**2 - 13*v + 12. Let o be h(8). Suppose -c*a + o = 2*j, 2*a - 35 + 3 = -4*j. What is the tens digit of a?
2
Let k(x) = x - 7. Let c(w) = 1. Let j(g) = -3*c(g) - k(g). Let l be 4/18 + (-195)/27. What is the units digit of j(l)?
1
Suppose 3 = m + 13. Let q be 60*(39/15 + -3). Let a = m - q. What is the tens digit of a?
1
Let z(m) = 2*m**2 - 2*m - 1. Let w be z(-1). Suppose f = 2*t - 30, f + 18 = w*t - 16. What is the tens digit of (f/(-4))/((-6)